{"id":21,"date":"2026-04-23T05:53:08","date_gmt":"2026-04-23T05:53:08","guid":{"rendered":"https:\/\/wpocean.com\/wp\/plumco\/?page_id=21"},"modified":"2026-04-24T12:15:10","modified_gmt":"2026-04-24T12:15:10","slug":"hizmetler","status":"publish","type":"page","link":"http:\/\/www.rizebungalow.com\/a\/hizmetler\/","title":{"rendered":"H\u0130ZMETLER"},"content":{"rendered":"\t\t<div data-elementor-type=\"wp-page\" data-elementor-id=\"21\" class=\"elementor elementor-21\" data-elementor-post-type=\"page\">\n\t\t\t\t\t\t<section class=\"elementor-section elementor-top-section elementor-element elementor-element-788e034 elementor-section-full_width elementor-section-height-default elementor-section-height-default\" data-id=\"788e034\" data-element_type=\"section\" data-e-type=\"section\" data-settings=\"{&quot;background_background&quot;:&quot;classic&quot;}\">\n\t\t\t\t\t\t<div class=\"elementor-container elementor-column-gap-no\">\n\t\t\t\t\t<div class=\"elementor-column elementor-col-100 elementor-top-column elementor-element elementor-element-99cda57\" data-id=\"99cda57\" data-element_type=\"column\" data-e-type=\"column\">\n\t\t\t<div class=\"elementor-widget-wrap\">\n\t\t\t\t\t\t\t<\/div>\n\t\t<\/div>\n\t\t\t\t\t<\/div>\n\t\t<\/section>\n\t\t\t\t<\/div>\n\t\t","protected":false},"excerpt":{"rendered":"<p>Lavabo T\u0131kan\u0131kl\u0131\u011f\u0131 A\u00e7ma Lavabo t\u0131kan\u0131kl\u0131klar\u0131n\u0131 kameral\u0131 sistemler ve profesyonel ekipmanlarla k\u0131sa s\u00fcrede a\u00e7\u0131yoruz. Read More Kamera ile Su Ka\u00e7a\u011f\u0131 Tespiti Rize\u2019de su ka\u00e7a\u011f\u0131 sorunlar\u0131n\u0131 geli\u015fmi\u015f termal ve kameral\u0131 cihazlar\u0131m\u0131zla k\u0131sa s\u00fcrede tespit ediyoruz. Hi\u00e7bir k\u0131rma ya da gereksiz tadilat i\u015flemi yapmadan, sorunun kayna\u011f\u0131n\u0131 noktasal olarak buluyoruz. Read More Basement Plumbing Electronic typesetting rema essentially unchanged was popularised. Read More Read More Read More Remodeling Service Electronic typesetting rema essentially unchanged was popularised. Read More<\/p>\n","protected":false},"author":1,"featured_media":0,"parent":0,"menu_order":0,"comment_status":"closed","ping_status":"closed","template":"elementor_header_footer","meta":{"_acf_changed":false,"footnotes":""},"class_list":["post-21","page","type-page","status-publish","hentry"],"acf":[],"_links":{"self":[{"href":"http:\/\/www.rizebungalow.com\/a\/wp-json\/wp\/v2\/pages\/21","targetHints":{"allow":["GET"]}}],"collection":[{"href":"http:\/\/www.rizebungalow.com\/a\/wp-json\/wp\/v2\/pages"}],"about":[{"href":"http:\/\/www.rizebungalow.com\/a\/wp-json\/wp\/v2\/types\/page"}],"author":[{"embeddable":true,"href":"http:\/\/www.rizebungalow.com\/a\/wp-json\/wp\/v2\/users\/1"}],"replies":[{"embeddable":true,"href":"http:\/\/www.rizebungalow.com\/a\/wp-json\/wp\/v2\/comments?post=21"}],"version-history":[{"count":4,"href":"http:\/\/www.rizebungalow.com\/a\/wp-json\/wp\/v2\/pages\/21\/revisions"}],"predecessor-version":[{"id":850,"href":"http:\/\/www.rizebungalow.com\/a\/wp-json\/wp\/v2\/pages\/21\/revisions\/850"}],"wp:attachment":[{"href":"http:\/\/www.rizebungalow.com\/a\/wp-json\/wp\/v2\/media?parent=21"}],"curies":[{"name":"wp","href":"https:\/\/api.w.org\/{rel}","templated":true}]}}